ommon factor of 1 and p.
1
Suppose -v - 9 = -3*q, 4*v - 3 = 5*v + 3*q. Let j = -4 - v. Suppose 3*z + 45 = 5*k, k + 2*z = -k + j. Calculate the highest common divisor of k and 54.
6
Let v(w) = w**2 + 6*w + 2. Let a be v(5). Let f = a - 15. Calculate the greatest common factor of 14 and f.
14
Let w = 4 + 4. Let g be (5 - 2)/(6/w). Calculate the greatest common divisor of 12 and g.
4
Suppose 0*q = 3*q - 12. What is the highest common factor of q and 4?
4
Let n = 297 - 177. Calculate the greatest common divisor of 30 and n.
30
Let p be (80/(-4))/4*-4. Calculate the highest common factor of p and 15.
5
Let v = 24 + -17. Let g = v + 3. Calculate the highest common divisor of g and 10.
10
Suppose 3*p - 2*f - 1 = -7*f, -2*p = -5*f - 34. Calculate the greatest common divisor of p and 210.
7
Let g(v) = v**3 + 13*v**2 + 8*v - 9. Let r be g(-12). Let x = 1 - 4. Let c be (-26)/4*(x + 1). Calculate the greatest common factor of r and c.
13
Suppose t + 4*t = 120. Let c be 12*(-2)/(4/(-1)). What is the highest common divisor of t and c?
6
Suppose -5*u - v + 40 = 2*v, 4*u - 4*v = 0. Suppose u*g - 95 = 5. Let f = -7 + g. What is the highest common factor of 13 and f?
13
Let u be (1 - 0)/((-7)/(-630)*6). What is the greatest common factor of u and 30?
15
Let f be (-5 + -2)/(-2 + 1). Suppose 0*z = -4*l + 2*z + 138, l + 5*z - 40 = 0. What is the highest common factor of f and l?
7
Suppose -b = 4*i - i - 55, 5 = 5*b. Suppose -y - i = -2*y. What is the highest common divisor of y and 27?
9
Suppose -3*m + 1 = m - 3*w, 3*m - w = 2. Let z be (-1 - m) + (0 - 1). Let x be z/18*-3*4. Calculate the highest common divisor of 3 and x.
1
Let l = -14 - -5. Let i be 30/l*(-18)/10. Suppose 28 + 2 = 2*t. Calculate the highest common factor of t and i.
3
Let v be (42/(-1))/(4 + -5). Let n be (-8)/(-10) - 1904/(-70). What is the highest common divisor of v and n?
14
Let f = -1 + 57. Suppose -7*o - 35 = -12*o. What is the highest common divisor of f and o?
7
Let s be (-246)/(-3) - (0 + 2). Let r = 33 - 23. What is the highest common divisor of r and s?
10
Let p be 2/6 + (-82)/(-6). Let l(k) = -10*k + 8. Let o be l(-9). Calculate the greatest common divisor of o and p.
14
Let f(h) = 5*h**2 + 23*h + 25. Let r(w) = w**2 + 6*w + 6. Let a(c) = -2*f(c) + 9*r(c). Let d be a(6). Calculate the highest common divisor of 16 and d.
16
Let c = -245 - -958. Let u be c/(-13) + 8/(-52). Let l = u + 163. Calculate the highest common divisor of l and 12.
12
Let y(z) = -z**2 - 4*z + 34. Let w be y(0). What is the highest common divisor of 306 and w?
34
Suppose 24 = -0*s + 5*s - 2*z, 4*z = 4*s - 12. Let t(w) = 3*w**3 - 2*w + 3. Let v be t(-3). Let k = -42 - v. Calculate the greatest common factor of k and s.
6
Let b be (-6)/4 - ((-1101)/6)/1. Calculate the greatest common factor of b and 26.
26
Suppose -9 = -2*p + 13. Let l be -1 + 98 + 2/1. What is the greatest common divisor of l and p?
11
Suppose -4*q - 8 = 0, 3*q = 5*i - 0*q - 156. What is the greatest common divisor of i and 45?
15
Let h be ((-16)/(-10))/((-3)/(-90)). What is the greatest common divisor of h and 12?
12
Suppose 183 = 4*k + 3*r, 0 = 2*k + 3*r - 7*r - 86. Let q be 15/3 - (0 - 0). Let z be 15/q + 4/2. What is the highest common factor of z and k?
5
Let v(a) = -a - 6. Let x be v(-6). Suppose -2*l + 6*l - 16 = x. Suppose -l*o + 221 = 41. What is the highest common factor of o and 5?
5
Suppose -4*j + 37 = 5*q, 0*j + 2*q + 58 = 4*j. Suppose 0 = -2*n - n + 573. Let h = n + -74. Calculate the highest common divisor of h and j.
13
Let b = -6 + 8. What is the highest common divisor of 1 and b?
1
Suppose -3*u + 8 = u. Let s be (9/15)/(u/10). Suppose -4*r = -6*r - 3*b + 126, s*r = 2*b + 202. Calculate the greatest common divisor of r and 22.
22
Let h be (-16)/(-4 + 8) - -16. Calculate the greatest common factor of 4 and h.
4
Let f be 4/6 - (-160)/12. What is the greatest common factor of f and 28?
14
Let c(g) = 3*g - 3. Let z be c(10). What is the highest common factor of 3 and z?
3
Let i(p) = -p**3 + 9*p**2 - 11*p + 7. Let t be i(8). Let x = -3 - t. Suppose 5 = 5*y - 5. What is the greatest common divisor of y and x?
2
Let l(n) = -n**2 - 4*n + 22. Let w be l(-5). Let g = -1 + 35. Calculate the greatest common factor of w and g.
17
Let k be 37 - 2/(3 - 2). Suppose -b + 4*j - 6 = 0, 2*b - 3 = -0*j + 5*j. Calculate the greatest common factor of b and k.
7
Let x = -78 + 150. What is the highest common divisor of x and 24?
24
Suppose 3*o = -0*o + 30. Let q(x) = 17*x + 2*x**2 - 6*x - 3*x**2. Let c be q(o). Calculate the highest common factor of c and 40.
10
Let p = -15 - -20. What is the highest common divisor of 20 and p?
5
Let m(o) = -5 + 4*o**2 + 1 + 2*o - 5*o. Let b be m(-3). Suppose -5*i + b = v, 17 = 4*i + 4*v - 3. What is the highest common factor of i and 9?
9
Suppose 14*d - 5*d = 1575. Calculate the greatest common divisor of 70 and d.
35
Suppose -b - b = 0. Suppose b*g - 12 = -4*g. Suppose -6 - 60 = -2*v. Calculate the highest common divisor of g and v.
3
Let u = -4 - 14. Let k = -7 - u. Calculate the highest common factor of k and 77.
11
Let g(f) = 5*f**3 + 3. Let m(a) = 14*a**3 - a + 8. Let q(h) = 11*g(h) - 4*m(h). Let c be q(-3). Calculate the greatest common divisor of 144 and c.
16
Suppose 4*c - 240 = -u, -4*u + 44 = 2*c - 76. What is the greatest common divisor of c and 24?
12
Let y be 13*(-1)/2*-2. What is the highest common divisor of 104 and y?
13
Suppose -5*r + 25 = 4*y - 104, -5*y + 4*r = -192. What is the highest common divisor of 9 and y?
9
Let x = 32 + 16. What is the greatest common divisor of 6 and x?
6
Let s = 57 - 40. Let k be ((-2)/1 - 2) + (-228)/(-6). Calculate the highest common divisor of s and k.
17
Let q = -119 + 62. Let x = q + 82. Calculate the highest common factor of 10 and x.
5
Let k(d) = d - 1. Suppose 4*p + 8 = -8. Let w be (-2)/p + 11/2. Let o be k(w). What is the highest common factor of 2 and o?
1
Let d = 96 - 12. Suppose 4*r + 40 = 3*j, 4*j = -5*r + 43 - 0. Calculate the highest common factor of j and d.
12
Let g = 2 - -2. Let w be g + -1 - 18/(-3). Let t be -2*(-20 + -2 + 4). What is the greatest common divisor of w and t?
9
Let k(m) = 3*m**2 + 4*m. Let h(o) = o**2 + 5*o - 1. Let x be h(-4). Let c be k(x). Suppose 0 = 17*g - 12*g - 25. What is the highest common factor of c and g?
5
Suppose -2*v = -3*v + 12. Suppose 3*z - 371 = -47. Calculate the greatest common factor of z and v.
12
Let m(x) = 14*x - 4. Let z be m(4). Suppose -y - 8 = -3*y, z = 4*n + 2*y. What is the highest common divisor of 55 and n?
11
Let j = 165 + -88. Calculate the greatest common divisor of 11 and j.
11
Let q(t) = -4*t**2 + 2*t. Let j be q(2). Let b be 6*-4*2/j. Calculate the highest common divisor of b and 28.
4
Let t(s) be the first derivative of -s**4/4 + s**3 + 2*s - 1. Let d be t(3). Suppose -20 = -d*u - 0*u. Calculate the highest common divisor of 15 and u.
5
Suppose 5*d = 3*d + 42. Suppose -12*h = -11*h + 8. Let w(a) = -a**3 - 8*a**2 - 2*a - 13. Let v be w(h). What is the highest common factor of v and d?
3
Suppose -33 + 2 = -j - i, -j + 31 = -4*i. What is the highest common divisor of j and 279?
31
Let t(d) = d**2 - 7*d + 5. Let y be t(7). Suppose y*m - 48 = 7. Suppose 2*f = 7*f - 220. What is the greatest common factor of f and m?
11
Let k = -101 - -106. Calculate the highest common divisor of k and 15.
5
Suppose -4*s + 35 = 3*s. What is the greatest common divisor of s and 80?
5
Let h(z) = z**2 - 5*z. Let q be h(5). Suppose -3 = 3*b + 4*a - q, -3*a = 3*b. Suppose -b*f = f - 68. What is the greatest common divisor of f and 85?
17
Suppose -6*z - 105 = -7*z. What is the highest common factor of z and 15?
15
Suppose 5*g = 4*z - 18 - 8, 3*g = 6. Let a = -123 - -204. What is the highest common factor of z and a?
9
Let i(x) = x**3 + 7*x**2 - 8*x. Let n be i(-8). Let y = n - -7. Suppose y*z - 26 = 3*z + u, 5*z - 5*u = 40. Calculate the highest common factor of z and 2.
2
Suppose 5*m = 2*t + 248, -3*m + m + 3*t = -108. Let y(o) = 3*o. Let l be y(4). What is the greatest common divisor of m and l?
12
Let s = -22 + 36. Let y(h) = 4*h + 26. Let v be y(11). Calculate the highest common divisor of s and v.
14
Suppose -3*i + 272 = -4*o - 28, 4*i + 3*o - 375 = 0. Calculate the greatest common factor of 24 and i.
24
Suppose -79 = 